{"id":77,"date":"2018-09-18T11:11:40","date_gmt":"2018-09-18T11:11:40","guid":{"rendered":"http:\/\/osteopathie-goehler.de\/?page_id=77"},"modified":"2018-09-19T07:36:23","modified_gmt":"2018-09-19T07:36:23","slug":"erwachsene","status":"publish","type":"page","link":"https:\/\/osteopathie-goehler.de\/?page_id=77","title":{"rendered":"Erwachsene"},"content":{"rendered":"<p><em><strong>Wann ist eine Osteopathische Behandlung beim Erwachsenen indiziert<\/strong><\/em><\/p>\n<ul>\n<li>R\u00fcckenschmerzen (bei wiederkehrenden Blockaden, nach Bandscheibenvorfall, bei Gelenkbeschwerden, muskul\u00e4ren Verspannungen <img decoding=\"async\" loading=\"lazy\" class=\"size-medium wp-image-146 alignright\" src=\"https:\/\/osteopathie-goehler.de\/wp-content\/uploads\/2018\/09\/sebastian-palomino-598140-unsplash-200x300.jpg\" alt=\"\" width=\"200\" height=\"300\" srcset=\"https:\/\/osteopathie-goehler.de\/wp-content\/uploads\/2018\/09\/sebastian-palomino-598140-unsplash-200x300.jpg 200w, https:\/\/osteopathie-goehler.de\/wp-content\/uploads\/2018\/09\/sebastian-palomino-598140-unsplash-768x1152.jpg 768w, https:\/\/osteopathie-goehler.de\/wp-content\/uploads\/2018\/09\/sebastian-palomino-598140-unsplash-683x1024.jpg 683w\" sizes=\"(max-width: 200px) 100vw, 200px\" \/>und Asymmetrie)<\/li>\n<li>bei chronischen Schmerzzust\u00e4nden, Schlafst\u00f6rungen und allgemeinem Unruhezustand<\/li>\n<li>Hals-Nasen-Ohren-Probleme (migr\u00e4neartiger Kopfschmerz, chronischer Kopfschmerz, chronische Entz\u00fcndungen von Hals, Rachen, Nase, Schwindelattacken, Koordinationsst\u00f6rungen, Tinnitus, Kiefergelenksproblemen)<\/li>\n<li>bei verschiedenen gyn\u00e4kologischen und urogenitalen Problemen<\/li>\n<li>bei Verdauungsproblemen (Sodbrennen, V\u00f6llegef\u00fchl im Oberbauch, Stuhlregulierung)<\/li>\n<li>bei verschiedenen Herz- und Lungenerkrankungen<\/li>\n<\/ul>\n","protected":false},"excerpt":{"rendered":"<p>Wann ist eine Osteopathische Behandlung beim Erwachsenen indiziert R\u00fcckenschmerzen (bei wiederkehrenden Blockaden, nach Bandscheibenvorfall, bei Gelenkbeschwerden, muskul\u00e4ren Verspannungen und Asymmetrie) bei chronischen Schmerzzust\u00e4nden, Schlafst\u00f6rungen und allgemeinem Unruhezustand Hals-Nasen-Ohren-Probleme (migr\u00e4neartiger Kopfschmerz, chronischer Kopfschmerz, chronische Entz\u00fcndungen von Hals, Rachen, Nase, Schwindelattacken, Koordinationsst\u00f6rungen, Tinnitus, Kiefergelenksproblemen) bei verschiedenen gyn\u00e4kologischen und urogenitalen Problemen bei Verdauungsproblemen (Sodbrennen, V\u00f6llegef\u00fchl im Oberbauch, Stuhlregulierung) &hellip; <\/p>\n<p class=\"link-more\"><a href=\"https:\/\/osteopathie-goehler.de\/?page_id=77\" class=\"more-link\"><span class=\"screen-reader-text\">\u201eErwachsene\u201c<\/span> weiterlesen<\/a><\/p>\n","protected":false},"author":2,"featured_media":0,"parent":0,"menu_order":0,"comment_status":"closed","ping_status":"closed","template":"","meta":[],"_links":{"self":[{"href":"https:\/\/osteopathie-goehler.de\/index.php?rest_route=\/wp\/v2\/pages\/77"}],"collection":[{"href":"https:\/\/osteopathie-goehler.de\/index.php?rest_route=\/wp\/v2\/pages"}],"about":[{"href":"https:\/\/osteopathie-goehler.de\/index.php?rest_route=\/wp\/v2\/types\/page"}],"author":[{"embeddable":true,"href":"https:\/\/osteopathie-goehler.de\/index.php?rest_route=\/wp\/v2\/users\/2"}],"replies":[{"embeddable":true,"href":"https:\/\/osteopathie-goehler.de\/index.php?rest_route=%2Fwp%2Fv2%2Fcomments&post=77"}],"version-history":[{"count":3,"href":"https:\/\/osteopathie-goehler.de\/index.php?rest_route=\/wp\/v2\/pages\/77\/revisions"}],"predecessor-version":[{"id":154,"href":"https:\/\/osteopathie-goehler.de\/index.php?rest_route=\/wp\/v2\/pages\/77\/revisions\/154"}],"wp:attachment":[{"href":"https:\/\/osteopathie-goehler.de\/index.php?rest_route=%2Fwp%2Fv2%2Fmedia&parent=77"}],"curies":[{"name":"wp","href":"https:\/\/api.w.org\/{rel}","templated":true}]}}