{"id":53,"date":"2018-09-18T11:17:42","date_gmt":"2018-09-18T11:17:42","guid":{"rendered":"http:\/\/osteopathie-goehler.de\/?page_id=53"},"modified":"2018-09-22T05:19:53","modified_gmt":"2018-09-22T05:19:53","slug":"naturheilkunde-und-alternativmedizin","status":"publish","type":"page","link":"https:\/\/osteopathie-goehler.de\/?page_id=53","title":{"rendered":"Naturheilkunde und Alternativmedizin"},"content":{"rendered":"<p><strong>Naturheilkunde und Alternativmedizin <\/strong>stellt in ihren zur Verf\u00fcgung stehenden Methoden und Techniken ebenfalls eine Unterst\u00fctzung der Selbstheilungskr\u00e4fte dar. Der Mensch wird in der Naturheilkunde und auch in der Osteopathie als Ganzes betrachtet.\u00a0Ein nat\u00fcrliches harmonisches Gleichgewicht auf\u00a0\u00a0K\u00f6rper, Geist und\u00a0 Seele\u00a0wird durch therapeutische Achtsamkeit\u00a0angestrebt.<\/p>\n<p>Die Selbstheilungskr\u00e4fte des Menschen k\u00f6nnen mit unterschiedlichen Therapieformen\u00a0gef\u00f6rdert werden. Zu den von mir verwendeten Therapieformen geh\u00f6ren u.a.:<\/p>\n<p>&nbsp;<\/p>\n<p><strong>Die Biochemie, Dr. Sch\u00fc\u00dflers Mineralsalze<\/strong><\/p>\n<p><img decoding=\"async\" loading=\"lazy\" class=\"wp-image-204 size-medium alignright\" src=\"https:\/\/osteopathie-goehler.de\/wp-content\/uploads\/2018\/09\/ibrahim-rifath-735359-unsplash-225x300.jpg\" alt=\"\" width=\"225\" height=\"300\" srcset=\"https:\/\/osteopathie-goehler.de\/wp-content\/uploads\/2018\/09\/ibrahim-rifath-735359-unsplash-225x300.jpg 225w, https:\/\/osteopathie-goehler.de\/wp-content\/uploads\/2018\/09\/ibrahim-rifath-735359-unsplash-768x1024.jpg 768w\" sizes=\"(max-width: 225px) 100vw, 225px\" \/>Der Arzt Dr. med. \u00a0Wilhelm Sch\u00fc\u00dfler untersuchte die im K\u00f6rper enthaltenen Mineralstoffe. Er entdeckte, dass durch einen Mangel und eine Verteilungsst\u00f6rung an bestimmten lebensnotwendigen Mineralstoffen Krankheiten entstehen k\u00f6nnen. Die\u00a0Sch\u00fc\u00dfler Mineralsalze haben je nach Potenz einen N\u00e4hrstoffeffekt und Regulations- oder Signaleffekt auf vorhandene Funktionenst\u00f6rungen der Zellen. So kann die Biochemie positiv den Heilungsprozess unterst\u00fctzen.<\/p>\n<p>&nbsp;<\/p>\n<p><strong>Bach- Bl\u00fcte<\/strong><\/p>\n<p><img decoding=\"async\" loading=\"lazy\" class=\"size-medium wp-image-140 alignright\" src=\"https:\/\/osteopathie-goehler.de\/wp-content\/uploads\/2018\/09\/bart-van-geffen-634405-unsplash-300x200.jpg\" alt=\"\" width=\"300\" height=\"200\" srcset=\"https:\/\/osteopathie-goehler.de\/wp-content\/uploads\/2018\/09\/bart-van-geffen-634405-unsplash-300x200.jpg 300w, https:\/\/osteopathie-goehler.de\/wp-content\/uploads\/2018\/09\/bart-van-geffen-634405-unsplash-768x512.jpg 768w, https:\/\/osteopathie-goehler.de\/wp-content\/uploads\/2018\/09\/bart-van-geffen-634405-unsplash-1024x683.jpg 1024w\" sizes=\"(max-width: 300px) 100vw, 300px\" \/>Der englische Arzt Dr. Bach, ein klassischer Schulmediziner, forschte am Ende seines Lebens nach neuen ganzheitlichen Wegen, um Krankheiten aus seiner eigentlichen Entstehung (aus seelischer oder emotionalen Sph\u00e4re) her zu \u00fcberwinden. Die Einnahme der passenden Bl\u00fctenessenz soll eine Harmonisierung auf feinstofflicher und seelischer Ebene (Gem\u00fctszustand) bewirken und daraus resultierend die Beschwerden regulieren.<\/p>\n<p>&nbsp;<\/p>\n<p><strong>Phytotherapie<\/strong><\/p>\n<p><img decoding=\"async\" loading=\"lazy\" class=\"size-medium wp-image-149 alignright\" src=\"https:\/\/osteopathie-goehler.de\/wp-content\/uploads\/2018\/09\/aziz-acharki-207207-unsplash-300x200.jpg\" alt=\"\" width=\"300\" height=\"200\" srcset=\"https:\/\/osteopathie-goehler.de\/wp-content\/uploads\/2018\/09\/aziz-acharki-207207-unsplash-300x200.jpg 300w, https:\/\/osteopathie-goehler.de\/wp-content\/uploads\/2018\/09\/aziz-acharki-207207-unsplash-768x512.jpg 768w, https:\/\/osteopathie-goehler.de\/wp-content\/uploads\/2018\/09\/aziz-acharki-207207-unsplash-1024x683.jpg 1024w\" sizes=\"(max-width: 300px) 100vw, 300px\" \/>Bereits im Altertum verwandten Menschen Heilkr\u00e4uter. Hippokrates verwendete die Drogen im antiken Griechenland in Wein, Wasser, Honig oder Essig und als Umschl\u00e4ge. Die Klostermedizin des Fr\u00fch- und Hochmittelalters bewahrte das Wissen der Antike. Die Schulmedizin selbst hat die Jahrtausende alten Heilpflanzenerfahrungen modernen, pharmakologischen Studien unterzogen und oft die Heilwirkungen wissenschaftlich best\u00e4tigen k\u00f6nnen, welche der Erfahrungsmedizin seit langem vorliegen. Behandlung mit Pflanzen geschieht richtig angewendet, behutsam und nachhaltig und dauert seine Zeit. Pflanzen sind hochwirksam und k\u00f6nnen auch Nebenwirkungen haben.<\/p>\n<p>Zur Unterst\u00fctzung der unterschiedlichsten\u00a0Heilungsprozesse werden bei Bedarf pflanzliche und hom\u00f6opathische Arzneimittel empfohlen.<\/p>\n","protected":false},"excerpt":{"rendered":"<p>Naturheilkunde und Alternativmedizin stellt in ihren zur Verf\u00fcgung stehenden Methoden und Techniken ebenfalls eine Unterst\u00fctzung der Selbstheilungskr\u00e4fte dar. Der Mensch wird in der Naturheilkunde und auch in der Osteopathie als Ganzes betrachtet.\u00a0Ein nat\u00fcrliches harmonisches Gleichgewicht auf\u00a0\u00a0K\u00f6rper, Geist und\u00a0 Seele\u00a0wird durch therapeutische Achtsamkeit\u00a0angestrebt. Die Selbstheilungskr\u00e4fte des Menschen k\u00f6nnen mit unterschiedlichen Therapieformen\u00a0gef\u00f6rdert werden. Zu den von mir &hellip; <\/p>\n<p class=\"link-more\"><a href=\"https:\/\/osteopathie-goehler.de\/?page_id=53\" class=\"more-link\"><span class=\"screen-reader-text\">\u201eNaturheilkunde und Alternativmedizin\u201c<\/span> weiterlesen<\/a><\/p>\n","protected":false},"author":2,"featured_media":0,"parent":0,"menu_order":0,"comment_status":"closed","ping_status":"closed","template":"","meta":[],"_links":{"self":[{"href":"https:\/\/osteopathie-goehler.de\/index.php?rest_route=\/wp\/v2\/pages\/53"}],"collection":[{"href":"https:\/\/osteopathie-goehler.de\/index.php?rest_route=\/wp\/v2\/pages"}],"about":[{"href":"https:\/\/osteopathie-goehler.de\/index.php?rest_route=\/wp\/v2\/types\/page"}],"author":[{"embeddable":true,"href":"https:\/\/osteopathie-goehler.de\/index.php?rest_route=\/wp\/v2\/users\/2"}],"replies":[{"embeddable":true,"href":"https:\/\/osteopathie-goehler.de\/index.php?rest_route=%2Fwp%2Fv2%2Fcomments&post=53"}],"version-history":[{"count":8,"href":"https:\/\/osteopathie-goehler.de\/index.php?rest_route=\/wp\/v2\/pages\/53\/revisions"}],"predecessor-version":[{"id":214,"href":"https:\/\/osteopathie-goehler.de\/index.php?rest_route=\/wp\/v2\/pages\/53\/revisions\/214"}],"wp:attachment":[{"href":"https:\/\/osteopathie-goehler.de\/index.php?rest_route=%2Fwp%2Fv2%2Fmedia&parent=53"}],"curies":[{"name":"wp","href":"https:\/\/api.w.org\/{rel}","templated":true}]}}